e 11) to base 2.
111
44 (base 6) to base 5
103
Convert -1011 (base 2) to base 13.
-b
Convert -22 (base 15) to base 5.
-112
What is -100 (base 4) in base 11?
-15
What is 2241 (base 5) in base 14?
18d
Convert -6 (base 7) to base 12.
-6
100100 (base 2) to base 10
36
What is 2 (base 9) in base 10?
2
32 (base 4) to base 15
e
6 (base 14) to base 6
10
Convert 2 (base 3) to base 14.
2
-14 (base 7) to base 16
-b
3 (base 4) to base 6
3
What is 15 (base 12) in base 16?
11
213 (base 6) to base 8
121
-74 (base 11) to base 5
-311
30 (base 11) to base 12
29
Convert 1 (base 9) to base 2.
1
1 (base 6) to base 9
1
-80 (base 12) to base 7
-165
Convert -20 (base 5) to base 11.
-a
Convert -3 (base 13) to base 3.
-10
What is -24 (base 6) in base 2?
-10000
Convert 0 (base 5) to base 10.
0
What is 10 (base 8) in base 11?
8
What is -214 (base 6) in base 12?
-6a
What is -1011 (base 2) in base 9?
-12
Convert 11 (base 4) to base 14.
5
Convert -101110 (base 2) to base 13.
-37
Convert -17 (base 10) to base 5.
-32
Convert -14 (base 10) to base 4.
-32
165 (base 7) to base 14
6c
Convert -2 (base 9) to base 10.
-2
What is -18 (base 11) in base 10?
-19
What is -1 (base 7) in base 10?
-1
What is -3 (base 16) in base 5?
-3
-39 (base 16) to base 10
-57
Convert -3 (base 10) to base 13.
-3
Convert -3 (base 12) to base 7.
-3
What is -4 (base 14) in base 3?
-11
What is -4 (base 5) in base 15?
-4
What is -3 (base 7) in base 9?
-3
Convert -58 (base 11) to base 16.
-3f
What is a (base 14) in base 4?
22
Convert -14b (base 15) to base 8.
-450
What is 1 (base 6) in base 14?
1
What is -11a (base 14) in base 11?
-190
What is 70 (base 8) in base 13?
44
Convert 14 (base 8) to base 9.
13
What is -a (base 12) in base 4?
-22
-1 (base 13) to base 15
-1
0 (base 12) to base 14
0
Convert 4 (base 16) to base 2.
100
Convert -2e (base 15) to base 12.
-38
-1020 (base 3) to base 10
-33
-16 (base 14) to base 13
-17
11111 (base 2) to base 12
27
Convert -147 (base 10) to base 7.
-300
What is -a4 (base 12) in base 4?
-1330
What is -17 (base 8) in base 15?
-10
-120 (base 6) to base 4
-300
75 (base 9) to base 2
1000100
What is 5a (base 15) in base 10?
85
What is 14 (base 6) in base 13?
a
What is 6 (base 15) in base 4?
12
Convert -20 (base 14) to base 5.
-103
Convert 0 (base 13) to base 14.
0
0 (base 6) to base 16
0
-11211 (base 3) to base 14
-94
-5d (base 15) to base 14
-64
What is 1 (base 6) in base 12?
1
Convert -4 (base 15) to base 12.
-4
What is 0 (base 3) in base 11?
0
What is 3 (base 8) in base 2?
11
3 (base 16) to base 11
3
9 (base 11) to base 2
1001
-13 (base 4) to base 12
-7
1253 (base 6) to base 15
166
Convert -100 (base 3) to base 5.
-14
Convert 12 (base 3) to base 8.
5
What is -1 (base 4) in base 9?
-1
Convert 58 (base 12) to base 15.
48
What is -20 (base 3) in base 16?
-6
Convert 0 (base 16) to base 5.
0
Convert 5 (base 8) to base 9.
5
What is -2 (base 4) in base 12?
-2
1 (base 12) to base 11
1
What is 24 (base 5) in base 4?
32
Convert -2 (base 12) to base 13.
-2
What is 10 (base 6) in base 7?
6
What is -11 (base 16) in base 9?
-18
202 (base 9) to base 6
432
2 (base 14) to base 5
2
Convert -8 (base 10) to base 13.
-8
Convert 230 (base 5) to base 14.
49
Convert 2 (base 7) to base 15.
2
Convert 22 (base 4) to base 8.
12
-10001 (base 2) to base 8
-21
Convert 122 (base 3) to base 5.
32
-cb (base 14) to base 5
-1204
What is 1 (base 3) in base 5?
1
0 (base 7) to base 13
0
-3c (base 16) to base 10
-60
-4 (base 11) to base 9
-4
Convert 18 (base 11) to base 14.
15
-8d (base 16) to base 14
-a1
What is 9 (base 15) in base 13?
9
Convert -3e (base 16) to base 3.
-2022
-2 (base 3) to base 8
-2
-21 (base 16) to base 2
-100001
What is -4 (base 16) in base 4?
-10
0 (base 8) to base 14
0
What is 11 (base 9) in base 15?
a
What is a0 (base 16) in base 10?
160
100 (base 2) to base 9
4
What is 5 (base 7) in base 11?
5
-1 (base 6) to base 9
-1
What is -16 (base 12) in base 13?
-15
What is 5 (base 10) in base 11?
5
What is 0 (base 10) in base 8?
0
What is 11 (base 2) in base 6?
3
What is -46 (base 10) in base 7?
-64
What is -101 (base 4) in base 15?
-12
4 (base 7) to base 13
4
What is 15 (base 8) in base 11?
12
What is -273 (base 10) in base 7?
-540
-5 (base 10) to base 13
-5
5 (base 10) to base 8
5
Convert -46 (base 10) to base 2.
-101110
What is -122 (base 7) in base 8?
-101
5 (base 15) to base 13
5
Convert b (base 15) to base 11.
10
What is -42 (base 7) in base 8?
-36
What is 2 (base 12) in base 9?
2
What is 3 (base 5) in base 11?
3
What is 10010011 (base 2) in base 16?
93
What is -130 (base 4) in base 12?
-24
What is 1002 (base 6) in base 7?
431
Convert -15 (base 13) to base 4.
-102
Convert -20 (base 4) to base 13.
-8
38 (base 9) to base 4
203
What is 1 (base 14) in base 16?
1
7a (base 14) to base 6
300
-16 (base 13) to base 15
-14
Convert 6 (base 16) to base 3.
20
What is 4 (base 13) in base 8?
4
What is 13 (base 11) in base 10?
14
Convert -122 (base 3) to base 4.
-101
Convert -72 (base 9) to base 14.
-49
What is 9 (base 16) in base 13?
9
What is -24 (base 14) in base 2?
-100000
What is 20 (base 6) in base 8?
14
11 (base 11) to base 3
110
What is 3d (base 15) in base 7?
112
Convert d (base 14) to base 15.
d
What is -51 (base 14) in base 15?
-4b
Convert -10 (base 6) to base 12.
-6
75 (base 13) to base 2
1100000
What is 76 (base 11) in base 8?
123
-44 (base 7) to base 9
-35
3 (base 9) to base 12
3
33 (base 5) to base 15
13
Convert -2a (base 11) to base 14.
-24
What is -50 (base 10) in base 13?
-3b
-3 (base 15) to base 12
-3
Convert 52 (base 6) to base 16.
20
Convert -29 (base 16) to base 2.
-101001
Convert 0 (base 2) to base 6.
0
Convert 66 (base 13) to base 11.
77
What is -a8 (base 14) in base 3?
-12111
What is 7 (base 16) in base 5?
12
-2c (base 13) to base 2
-100110
Convert -51 (base 7) to base 15.
-26
-2 (base 5) to base 6
-2
What is 120 (base 4) in base 15?
19
What is -10 (base 5) in base 8?
-5
Convert -57 (base 12) to base 6.
-151
-1 (base 6) to base 2
-1
Convert 26 (base 14) to base 4.
202
4 (base 8) to base 10
4
133 (base 5) to base 12
37
10 (base 5) to base 14
5
What is -21 (base 4) in base 14?
-9
80 (base 12) to base 11
88
Convert -15 (base 8) to base 6.
-21
-2 (base 14) to base 15
-2
Convert -126 (base 7) to base 16.
-45
Convert -200 (base 3) to base 2.
-10010
-82 (base 9) to base 13
-59
3003 (base 5) to base 2
101111010
What is 210 (base 4) in base 15?
26
-43 (base 13) to base 9
-61
-11221 (base 3) to base 9
-157
Convert 8 (base 10) to base 4.
20
What is -233 (base 4) in base 3?
-1202
Convert -57 (base 12) to base 9.
-74
12 (base 12) to base 4
32
What is -5 (base 8) in base 6?
-5
Convert -2 (base 7) to base 8.
-2
Convert 11 (base 7) to base 10.
8
5 (base 10) to base 6
5
What is -10 (base 3) in base 7?
-3
What is -1102 (base 3) in base 8?
-46
Convert -7 (base 13) to base 14.
-7
What is -555 (base 6) in base 2?
-11010111
Convert 17 (base 14) to base 16.
15
Convert -9b (base 15) to base 12.
-102
Convert 4 (base 14) to base 12.
4
What is 5 (base 9) in base 11?
5
Convert 1 (base 8) to base 9.
1
Convert 2 (base 3) to base 7.
2
Convert 32 (base 7) to base 4.
113
Convert -61 (base 8) to base 11.
-45
165 (base 10) to base 6
433
Convert 0 (base 4) to base 9.
0
Convert -5 (base 12) to base 4.
-11
What is -3e (base 16) in base 3?
-2022
What is -66 (base 8) in base 15?
-39
Convert 32 (base 4) to base 2.
1110
What is 3 (base 9) in base 12?
3
What is -c (base 16) in base 9?
-13
Convert -9 (base 13) to base 7.
-12
Convert 85 (base 14) to base 5.
432
Convert -3 (base 7) to base 16.
-3
5 (base 14) to base 5
10
Convert 4 (base 15) to base 9.
4
What is 455 (base 6) in base 4?
2303
Convert 3 (base 15) to base 5.
3
Convert 192 (base 14) to base 13.
1bc
What is -70 (base 10) in base 11?
-64
What is -103 (base 4) in base 2?
-10011
-242 (base 11) to base 7
-561
What is -410 (base 9) in base 11?
-283
What is 7 (base 12) in base 11?
7
Convert -e0 (base 15) to base 11.
-181
Convert 130 (base 8) to base 2.
1011000
What is 3 (base 4) in base 11?
3
6 (base 14) to base 2
110
-19 (base 14) to base 16
-17
239 (base 10) to base 15
10e
50 (base 13) to base 5
230
What is 1110111 (base 2) in base 11?
a9
Convert -1 (base 5) to base 13.
-1
What is 3 (base 13) in base 15?
3
2 (base 7) to base 16
2
Convert 227 (base 12) to base 7.
634
Convert 1